{"id":651,"date":"2021-04-16T08:08:52","date_gmt":"2021-04-16T06:08:52","guid":{"rendered":"http:\/\/kamaeleoner.dk\/?page_id=651"},"modified":"2022-02-18T21:16:16","modified_gmt":"2022-02-18T20:16:16","slug":"kamaeleoner-og-lys","status":"publish","type":"page","link":"http:\/\/kamaeleoner.dk\/?page_id=651","title":{"rendered":"kam\u00e6leoner og lys"},"content":{"rendered":"<div id='full_slider_1'  class='avia-fullwidth-slider main_color avia-shadow   avia-builder-el-0  el_before_av_one_full  avia-builder-el-first   container_wrap fullsize'  ><div   data-size='featured'  data-lightbox_size='large'  data-animation='slide'  data-conditional_play=''  data-ids='7198'  data-video_counter='0'  data-autoplay='false'  data-bg_slider='false'  data-slide_height=''  data-handle='av_slideshow_full'  data-interval='5'  data-class=' '  data-el_id=''  data-css_id=''  data-scroll_down=''  data-control_layout='av-control-default'  data-custom_markup=''  data-perma_caption=''  data-autoplay_stopper=''  data-image_attachment=''  data-min_height='0px'  data-lazy_loading='disabled'  data-src=''  data-position='top left'  data-repeat='no-repeat'  data-attach='scroll'  data-stretch=''  data-img_scrset=''  data-default-height='28.666666666667'  class='avia-slideshow avia-slideshow-1  av-control-default av-default-height-applied avia-slideshow-featured av_slideshow_full   avia-slide-slider '  itemprop=\"image\" itemscope=\"itemscope\" itemtype=\"https:\/\/schema.org\/ImageObject\" ><ul class='avia-slideshow-inner ' style='padding-bottom: 35.833333333333%;' ><li  class=' av-single-slide slide-1 ' ><div data-rel='slideshow-1' class='avia-slide-wrap '   ><img decoding=\"async\" class=\"wp-image-7198 avia-img-lazy-loading-not-7198\"  src=\"http:\/\/kamaeleoner.dk\/wp-content\/uploads\/2022\/01\/lys03-1200x430.jpg\" width=\"1200\" height=\"430\" title='' alt=''  itemprop=\"thumbnailUrl\"   \/><\/div><\/li><\/ul><\/div><\/div><div id='after_full_slider_1'  class='main_color av_default_container_wrap container_wrap fullsize'  ><div class='container av-section-cont-open' ><div class='template-page content  av-content-full alpha units'><div class='post-entry post-entry-type-page post-entry-651'><div class='entry-content-wrapper clearfix'>\n\n<style type=\"text\/css\" data-created_by=\"avia_inline_auto\" id=\"style-css-av-1gs74z-1ca3dee4b168af83bf3d47066c2dca10\">\n.flex_column.av-1gs74z-1ca3dee4b168af83bf3d47066c2dca10{\nborder-radius:0px 0px 0px 0px;\n-webkit-border-radius:0px 0px 0px 0px;\n-moz-border-radius:0px 0px 0px 0px;\n}\n<\/style>\n<div class='flex_column av-1gs74z-1ca3dee4b168af83bf3d47066c2dca10 av_one_full  avia-builder-el-1  el_after_av_slideshow_full  el_before_av_textblock  avia-builder-el-first  first flex_column_div av-zero-column-padding '   ><p>\n<style type=\"text\/css\" data-created_by=\"avia_inline_auto\" id=\"style-css-av-kxvm8ygf-b5933c6afdea007d1bfc235f7ec9c949\">\n#top .av-special-heading.av-kxvm8ygf-b5933c6afdea007d1bfc235f7ec9c949{\npadding-bottom:10px;\n}\n<\/style>\n<div  class='av-special-heading av-kxvm8ygf-b5933c6afdea007d1bfc235f7ec9c949 av-special-heading-h1 blockquote modern-quote modern-centered  avia-builder-el-2  el_before_av_hr  avia-builder-el-first  '><h1 class='av-special-heading-tag '  itemprop=\"headline\"  >Kam\u00e6leoner og lys<\/h1><div class='special-heading-border'><div class='special-heading-inner-border'><\/div><\/div><\/div><br \/>\n<div  class='hr av-19zgyb-5caefcd0db755ace161d5733292b4163 hr-default  avia-builder-el-3  el_after_av_heading  avia-builder-el-last  '><span class='hr-inner '><span class=\"hr-inner-style\"><\/span><\/span><\/div><\/p><\/div>\n<section  class='av_textblock_section av-12o83n-b11c676c8c70cda38bcc99dbfd14aae6 '  itemscope=\"itemscope\" itemtype=\"https:\/\/schema.org\/CreativeWork\" ><div class='avia_textblock '  itemprop=\"text\" ><h2>Opsummering:<\/h2>\n<\/div><\/section>\n<section  class='av_textblock_section av-sh7wr-2c7ae39aa8d0b4ce07a60eb79ef50e77 '  itemscope=\"itemscope\" itemtype=\"https:\/\/schema.org\/CreativeWork\" ><div class='avia_textblock '  itemprop=\"text\" ><ul>\n<li>Kam\u00e6leoner har brug for et st\u00e6rkt oplyst terrarie<\/li>\n<li>Kam\u00e6leoner har brug for m\u00f8rke om natten &#8211; (ingen r\u00f8dt lys)<\/li>\n<li>Vi kan dele lyset op i tre punkter. Varme, synligt lys og UVB.<\/li>\n<li>Solens lys m\u00e5les i nanometer (nm)<\/li>\n<li>Lumen-tallet indikerer hvor kraftig lyskilden er.<\/li>\n<li>Kelvingraden beskriver lysets farve, omkring 5000-6000 kelvin, giver den mest naturlige belysning.<\/li>\n<li>Jeg anbefaler Arcadia jungle dawn LED som kilde til synligt lys.<\/li>\n<\/ul>\n<\/div><\/section>\n<div  class='hr av-1dqmj-072f858d419b7bea71f26a247a972fb4 hr-default  avia-builder-el-6  el_after_av_textblock  el_before_av_textblock  '><span class='hr-inner '><span class=\"hr-inner-style\"><\/span><\/span><\/div>\n<section  class='av_textblock_section av-ky2tgjaq-b5a4128407c890fbd09789b61954f530 '  itemscope=\"itemscope\" itemtype=\"https:\/\/schema.org\/CreativeWork\" ><div class='avia_textblock '  itemprop=\"text\" ><p>Kam\u00e6leoner er visuelle dyr.<br \/>\nDeres syn er langt mere udviklet end hos os mennesker, og lyset er det, der til en vis grad, stimulerer dem.<br \/>\nFaktisk kan kam\u00e6leoner se flere b\u00f8lgel\u00e6ngder af lys, end det vi mennesker kalder \u201dsynligt lys\u201d.<br \/>\nDet er nemlig bevist af kam\u00e6leoner ogs\u00e5 kan se visse ultraviolete b\u00f8lger, bl.a. UVA og UVB.<\/p>\n<\/div><\/section>\n\n<style type=\"text\/css\" data-created_by=\"avia_inline_auto\" id=\"style-css-av-ky317hg8-6b078a42d80ee14c847dd4126650e890\">\n.avia-image-container.av-ky317hg8-6b078a42d80ee14c847dd4126650e890 .av-image-caption-overlay-center{\ncolor:#ffffff;\n}\n<\/style>\n<div  class='avia-image-container av-ky317hg8-6b078a42d80ee14c847dd4126650e890 av-styling- avia-align-right  avia-builder-el-8  el_after_av_textblock  el_before_av_hr  '  itemprop=\"image\" itemscope=\"itemscope\" itemtype=\"https:\/\/schema.org\/ImageObject\" ><div class=\"avia-image-container-inner\"><div class=\"avia-image-overlay-wrap\"><img decoding=\"async\" class='wp-image-7475 avia-img-lazy-loading-not-7475 avia_image' src=\"http:\/\/kamaeleoner.dk\/wp-content\/uploads\/2022\/02\/uvskygge.05JPG.jpg\" alt='' title=''  height=\"641\" width=\"1000\"  itemprop=\"thumbnailUrl\" srcset=\"http:\/\/kamaeleoner.dk\/wp-content\/uploads\/2022\/02\/uvskygge.05JPG.jpg 1000w, http:\/\/kamaeleoner.dk\/wp-content\/uploads\/2022\/02\/uvskygge.05JPG-300x192.jpg 300w, http:\/\/kamaeleoner.dk\/wp-content\/uploads\/2022\/02\/uvskygge.05JPG-768x492.jpg 768w, http:\/\/kamaeleoner.dk\/wp-content\/uploads\/2022\/02\/uvskygge.05JPG-705x452.jpg 705w\" sizes=\"(max-width: 1000px) 100vw, 1000px\" \/><\/div><\/div><\/div>\n<div  class='hr av-14yogr-2ac1ed4b1248dd6164dda4dcb3955d8e hr-default  avia-builder-el-9  el_after_av_image  el_before_av_textblock  '><span class='hr-inner '><span class=\"hr-inner-style\"><\/span><\/span><\/div>\n<section  class='av_textblock_section av-kxvm8jz7-5e6a0559f26035c3c09fb6625deb7b02 '  itemscope=\"itemscope\" itemtype=\"https:\/\/schema.org\/CreativeWork\" ><div class='avia_textblock '  itemprop=\"text\" ><h3>Hvad er synligt lys?<\/h3>\n<\/div><\/section>\n<section  class='av_textblock_section av-ky2tmt7j-e58c731039d34cce704ec2d282ab9772 '  itemscope=\"itemscope\" itemtype=\"https:\/\/schema.org\/CreativeWork\" ><div class='avia_textblock '  itemprop=\"text\" ><p>Synligt lys, er det lys som vi mennesker kan se.<br \/>\nDet har en b\u00f8lgel\u00e6ngde fra 380 til 750 nanometer (nm.)<br \/>\nMenneskets \u00f8jne har udviklet sig til at se i dette interval, fordi Solen udsender det meste af sin str\u00e5ling i form af synligt lys.<\/p>\n<\/div><\/section>\n<div  class='hr av-wwduj-590d312c044d439867ddf8e1d0e2a9e5 hr-default  avia-builder-el-12  el_after_av_textblock  el_before_av_textblock  '><span class='hr-inner '><span class=\"hr-inner-style\"><\/span><\/span><\/div>\n<section  class='av_textblock_section av-ky2tp3iu-91e65db19f426f1117682415d3ae1cbe '  itemscope=\"itemscope\" itemtype=\"https:\/\/schema.org\/CreativeWork\" ><div class='avia_textblock '  itemprop=\"text\" ><h3>Hvad er ultraviolet lys?<\/h3>\n<\/div><\/section>\n<section  class='av_textblock_section av-ky2tuj8i-919e4f233226fe0a26139c00c0209c20 '  itemscope=\"itemscope\" itemtype=\"https:\/\/schema.org\/CreativeWork\" ><div class='avia_textblock '  itemprop=\"text\" ><p>Ultraviolet lys, eller UV, er de korte b\u00f8lgel\u00e6ngder, som vi mennesker ikke kan se.<br \/>\nUV-str\u00e5lingens b\u00f8lgel\u00e6ngde g\u00e5r fra 100 til 400 nanometer. (nm).<br \/>\nVi mennesker er ikke i stand til at se ultraviolet lys, men det er kam\u00e6leoner.<\/p>\n<p>Efter UV-str\u00e5lingens virkninger inddeles den i f\u00f8lgende kategorier:<\/p>\n<ul>\n<li>UVA: 380 nm \u2013 320 nm<\/li>\n<li>UVB: 320 nm \u2013 280 nm<\/li>\n<li>UVC: 280 nm \u2013 100 nm<\/li>\n<\/ul>\n<p>\u201dSort lys\u201d er en type lampe, der prim\u00e6rt udsender ultraviolet lys og meget lidt synligt lys.<br \/>\nMange lamper med \u201dsort lys\u201d udsender ogs\u00e5 noget violet lys, da det giver os mennesker en ide om hvor lyset peger hen, s\u00e5 vi kan undg\u00e5 undg\u00e5 overeksponering og i sidste ende \u00f8jen og hudskader.<\/p>\n<p>Det er f\u00f8rst for nyligt at man har observeret, at flere arter af kam\u00e6leoner har omr\u00e5der p\u00e5 kroppen, hvor knoglerne ligger meget t\u00e6t p\u00e5 huden, hvilket g\u00f8r at de lyser under ultraviolet lys.<br \/>\nKam\u00e6leoner er alts\u00e5 i stand til at se disse oplyste omr\u00e5der med det bare \u00f8je, men funktionen er stadig ikke bevist.<br \/>\nM\u00e5ske er det noget som de bruger n\u00e5r de skal v\u00e6lge en mage.<\/p>\n<\/div><\/section>\n\n<style type=\"text\/css\" data-created_by=\"avia_inline_auto\" id=\"style-css-av-ky2udgh6-b76263037cfec8a98302e19b8a42104a\">\n.avia-image-container.av-ky2udgh6-b76263037cfec8a98302e19b8a42104a .av-image-caption-overlay-center{\ncolor:#ffffff;\n}\n<\/style>\n<div  class='avia-image-container av-ky2udgh6-b76263037cfec8a98302e19b8a42104a av-styling- avia-align-center  avia-builder-el-15  el_after_av_textblock  el_before_av_hr  '  itemprop=\"image\" itemscope=\"itemscope\" itemtype=\"https:\/\/schema.org\/ImageObject\" ><div class=\"avia-image-container-inner\"><div class=\"avia-image-overlay-wrap\"><img decoding=\"async\" class='wp-image-7202 avia-img-lazy-loading-not-7202 avia_image' src=\"http:\/\/kamaeleoner.dk\/wp-content\/uploads\/2022\/01\/lys04-1030x375.jpg\" alt='' title=''  height=\"375\" width=\"1030\"  itemprop=\"thumbnailUrl\" srcset=\"http:\/\/kamaeleoner.dk\/wp-content\/uploads\/2022\/01\/lys04-1030x375.jpg 1030w, http:\/\/kamaeleoner.dk\/wp-content\/uploads\/2022\/01\/lys04-300x109.jpg 300w, http:\/\/kamaeleoner.dk\/wp-content\/uploads\/2022\/01\/lys04-768x280.jpg 768w, http:\/\/kamaeleoner.dk\/wp-content\/uploads\/2022\/01\/lys04-705x257.jpg 705w, http:\/\/kamaeleoner.dk\/wp-content\/uploads\/2022\/01\/lys04.jpg 1198w\" sizes=\"(max-width: 1030px) 100vw, 1030px\" \/><\/div><\/div><\/div>\n<div  class='hr av-2trb7-5b423365e842f46dfce2ad9eb37765f8 hr-default  avia-builder-el-16  el_after_av_image  el_before_av_textblock  '><span class='hr-inner '><span class=\"hr-inner-style\"><\/span><\/span><\/div>\n<section  class='av_textblock_section av-ky2ug7da-25dddffed6a98ce9bc9cc21e156f3bc6 '  itemscope=\"itemscope\" itemtype=\"https:\/\/schema.org\/CreativeWork\" ><div class='avia_textblock '  itemprop=\"text\" ><h3>Hvad er plantelys?<\/h3>\n<\/div><\/section>\n<section  class='av_textblock_section av-ky2ugkhr-88640ac746118915d0d7b6144ad45747 '  itemscope=\"itemscope\" itemtype=\"https:\/\/schema.org\/CreativeWork\" ><div class='avia_textblock '  itemprop=\"text\" ><p>Plantelys er i bund og grund, b\u00f8lgel\u00e6ngder som hj\u00e6lper planterne med at lave fotosyntese.<br \/>\nDet er prim\u00e6rt de r\u00f8de og bl\u00e5 b\u00f8lgel\u00e6ngder som folk har forbundet med godt plantelys, men nyere forskning har dog vist, at det ikke er s\u00e5 simpelt.<br \/>\nDen bedste v\u00e6kst f\u00e5r man, er hvis man inkluderer alle farverne, alts\u00e5 bredspektret lys.<br \/>\nDette lys kalder man ogs\u00e5 hvidt lys, eller synligt lys.<\/p>\n<\/div><\/section>\n<div  class='hr av-k9haz-815ffc1b76ac846ec80bb3b18c66a59f hr-default  avia-builder-el-19  el_after_av_textblock  el_before_av_textblock  '><span class='hr-inner '><span class=\"hr-inner-style\"><\/span><\/span><\/div>\n<section  class='av_textblock_section av-jnur7-07307cacc409095ba39d4bc9cf9380b5 '  itemscope=\"itemscope\" itemtype=\"https:\/\/schema.org\/CreativeWork\" ><div class='avia_textblock '  itemprop=\"text\" ><h3>Lys i terrarier:<\/h3>\n<\/div><\/section>\n<section  class='av_textblock_section av-ky310bra-16a8fd0faeff9ff05516064e96160ffa '  itemscope=\"itemscope\" itemtype=\"https:\/\/schema.org\/CreativeWork\" ><div class='avia_textblock '  itemprop=\"text\" ><p>Alt for ofte er kam\u00e6leonterrarier dunkle og kun halvt oplyst. Man ser ogs\u00e5 eksempler p\u00e5 terrarier som har en alt for kraftig spot, men som det eneste lys i terrariet.<br \/>\nDit terrarie skal v\u00e6re lyst og godt oplyst, for at din kam\u00e6leon kan f\u00e5 et sundt liv.<\/p>\n<p>Vores teknologi er i dag s\u00e5 avanceret, at vi kan opdele de forskellige komponenterne i sollys:<\/p>\n<ul>\n<li>Synligt lys<\/li>\n<li>Varme<\/li>\n<li>UVB.<\/li>\n<\/ul>\n<p>Der findes p\u00e6rer som har alle tre elementer, hvilket jeg personligt ikke er den store tilh\u00e6nger af, da jeg godt kan lide at kam\u00e6leonen selv har muligheden for at v\u00e6lge hvad den har brug for.<br \/>\nSynligt lys skal der dog altid v\u00e6re rigeligt af, lige meget hvilken m\u00e5de man v\u00e6lger at indrette sit terrarie.<\/p>\n<p>I dag er den bedste lyskilde, hvad ang\u00e5r effektivitet, T5 lysstofr\u00f8r.<\/p>\n<p>Jeg k\u00f8rer med f\u00f8lgende lys i mine terrarier.<\/p>\n<ul>\n<li><strong>Synligt lys:\u00a0 <\/strong>Arcadia jungle dawn LED bar<\/li>\n<li><strong>Varme:<\/strong>\u00a0 \u00a0 \u00a0 \u00a0 \u00a0Arcadia solar spot (Antal watt afh\u00e6nger af arten)<\/li>\n<li><strong>UVB:<\/strong>\u00a0 \u00a0 \u00a0 \u00a0 \u00a0 \u00a0 \u00a0 Arcadia T5 D3 6% UVB<\/li>\n<\/ul>\n<\/div><\/section>\n\n<style type=\"text\/css\" data-created_by=\"avia_inline_auto\" id=\"style-css-av-ky3156z7-979b31ce923ab6cc3cc96ef3a08eb10c\">\n.avia-image-container.av-ky3156z7-979b31ce923ab6cc3cc96ef3a08eb10c .av-image-caption-overlay-center{\ncolor:#ffffff;\n}\n<\/style>\n<div  class='avia-image-container av-ky3156z7-979b31ce923ab6cc3cc96ef3a08eb10c av-styling- avia-align-center  avia-builder-el-22  el_after_av_textblock  el_before_av_hr  '  itemprop=\"image\" itemscope=\"itemscope\" itemtype=\"https:\/\/schema.org\/ImageObject\" ><div class=\"avia-image-container-inner\"><div class=\"avia-image-overlay-wrap\"><img decoding=\"async\" class='wp-image-7196 avia-img-lazy-loading-not-7196 avia_image' src=\"http:\/\/kamaeleoner.dk\/wp-content\/uploads\/2022\/01\/lys02-1030x407.jpg\" alt='' title=''  height=\"407\" width=\"1030\"  itemprop=\"thumbnailUrl\" srcset=\"http:\/\/kamaeleoner.dk\/wp-content\/uploads\/2022\/01\/lys02-1030x407.jpg 1030w, http:\/\/kamaeleoner.dk\/wp-content\/uploads\/2022\/01\/lys02-300x119.jpg 300w, http:\/\/kamaeleoner.dk\/wp-content\/uploads\/2022\/01\/lys02-768x303.jpg 768w, http:\/\/kamaeleoner.dk\/wp-content\/uploads\/2022\/01\/lys02-705x278.jpg 705w, http:\/\/kamaeleoner.dk\/wp-content\/uploads\/2022\/01\/lys02.jpg 1200w\" sizes=\"(max-width: 1030px) 100vw, 1030px\" \/><\/div><\/div><\/div>\n<div  class='hr av-hnjcz-1cd4f97628392c9a5a86b3edfa594e6d hr-default  avia-builder-el-23  el_after_av_image  el_before_av_textblock  '><span class='hr-inner '><span class=\"hr-inner-style\"><\/span><\/span><\/div>\n<section  class='av_textblock_section av-ky47d5mz-964c0839cba870fcaa9d44afe5704a98 '  itemscope=\"itemscope\" itemtype=\"https:\/\/schema.org\/CreativeWork\" ><div class='avia_textblock '  itemprop=\"text\" ><h3>Intet lys om natten:<\/h3>\n<\/div><\/section>\n<section  class='av_textblock_section av-ky47esp8-a0b07756394fc5d989dee85412a3ea40 '  itemscope=\"itemscope\" itemtype=\"https:\/\/schema.org\/CreativeWork\" ><div class='avia_textblock '  itemprop=\"text\" ><p>Dyrehandlere sender ofte nybegyndere hjem med en r\u00f8d varmep\u00e6re til opvarmning om natten.<br \/>\nDette er un\u00f8dvendigt, ja ligefrem skadeligt.<br \/>\nKam\u00e6leoner kan som tidligere n\u00e6vnt, se det r\u00f8de lys, p\u00e5 trods af hvad der bliver sagt p\u00e5 nogle salgssteder, og det forstyrrer deres nattes\u00f8vn.<br \/>\nGiv kam\u00e6leoner et s\u00e5 m\u00f8rkt soveomr\u00e5de som muligt.<br \/>\nDesuden b\u00f8r alle kam\u00e6leoner have det betydeligt koldere om natten.<\/p>\n<\/div><\/section>\n\n<style type=\"text\/css\" data-created_by=\"avia_inline_auto\" id=\"style-css-av-kygfyv9p-c96a8dcadf539c56d8da667f1e6ec3fa\">\n.avia-image-container.av-kygfyv9p-c96a8dcadf539c56d8da667f1e6ec3fa .av-image-caption-overlay-center{\ncolor:#ffffff;\n}\n<\/style>\n<div  class='avia-image-container av-kygfyv9p-c96a8dcadf539c56d8da667f1e6ec3fa av-styling- avia-align-center  avia-builder-el-26  el_after_av_textblock  el_before_av_hr  '  itemprop=\"image\" itemscope=\"itemscope\" itemtype=\"https:\/\/schema.org\/ImageObject\" ><div class=\"avia-image-container-inner\"><div class=\"avia-image-overlay-wrap\"><img decoding=\"async\" class='wp-image-7271 avia-img-lazy-loading-not-7271 avia_image' src=\"http:\/\/kamaeleoner.dk\/wp-content\/uploads\/2022\/01\/lys05-1-1030x528.jpg\" alt='' title=''  height=\"528\" width=\"1030\"  itemprop=\"thumbnailUrl\" srcset=\"http:\/\/kamaeleoner.dk\/wp-content\/uploads\/2022\/01\/lys05-1-1030x528.jpg 1030w, http:\/\/kamaeleoner.dk\/wp-content\/uploads\/2022\/01\/lys05-1-300x154.jpg 300w, http:\/\/kamaeleoner.dk\/wp-content\/uploads\/2022\/01\/lys05-1-768x394.jpg 768w, http:\/\/kamaeleoner.dk\/wp-content\/uploads\/2022\/01\/lys05-1-705x361.jpg 705w, http:\/\/kamaeleoner.dk\/wp-content\/uploads\/2022\/01\/lys05-1.jpg 1200w\" sizes=\"(max-width: 1030px) 100vw, 1030px\" \/><\/div><\/div><\/div>\n<div  class='hr av-rnvf-64687787b06c157d615974f70385027a hr-default  avia-builder-el-27  el_after_av_image  el_before_av_textblock  '><span class='hr-inner '><span class=\"hr-inner-style\"><\/span><\/span><\/div>\n<section  class='av_textblock_section av-ky47goe9-2867b91eeb4bfb4f3cc50e9599dda0c8 '  itemscope=\"itemscope\" itemtype=\"https:\/\/schema.org\/CreativeWork\" ><div class='avia_textblock '  itemprop=\"text\" ><h3>Dagsl\u00e6ngden:<\/h3>\n<\/div><\/section>\n<section  class='av_textblock_section av-ky47hzr7-ec1e38c29bfd4123f6fcccf78ce99b66 '  itemscope=\"itemscope\" itemtype=\"https:\/\/schema.org\/CreativeWork\" ><div class='avia_textblock '  itemprop=\"text\" ><p>De fleste kam\u00e6leoner vil klare sig godt med en 12 timers t\u00e6ndt og 12 timers slukket lyscyklus, hvilket er hvad der findes ved \u00e6kvator. Selvom nogle arter af kam\u00e6leoner findes ret langt fra \u00e6kvator, og dem p\u00e5 de fjerneste breddegrader (Spanien og Sydafrika) vil opleve dagslysvariationer, der g\u00e5r fra 9 timer til 15 timer i l\u00f8bet af \u00e5ret.<\/p>\n<p>\u00c6ndringen i dagslystimer kan spille en rolle for at signalere parringss\u00e6sonerne, men p\u00e5 dette tidspunkt er 12 timers dagslys og 12 timers nat en effektiv indledende ops\u00e6tning.<br \/>\nUnders\u00f8g hvor din kam\u00e6leon kommer fra og pr\u00f8v at simulerer landets dagsrytme.<\/p>\n<\/div><\/section>\n<div  class='hr av-a050b-6daf2cc429709b3121afdb2fc92c208a hr-default  avia-builder-el-30  el_after_av_textblock  el_before_av_textblock  '><span class='hr-inner '><span class=\"hr-inner-style\"><\/span><\/span><\/div>\n<section  class='av_textblock_section av-ky47ilh6-ef5919440b0f71f6761cf93f76d4a82f '  itemscope=\"itemscope\" itemtype=\"https:\/\/schema.org\/CreativeWork\" ><div class='avia_textblock '  itemprop=\"text\" ><h3>Kam\u00e6leoner ude i solen:<\/h3>\n<\/div><\/section>\n<section  class='av_textblock_section av-ky47jv7v-925cff4b8f72ae299562bd3faff48a2d '  itemscope=\"itemscope\" itemtype=\"https:\/\/schema.org\/CreativeWork\" ><div class='avia_textblock '  itemprop=\"text\" ><p>Der er intet der kan erstatte solens lys og langt de fleste kam\u00e6leoner vil elske at komme udenfor om sommeren.<br \/>\nSolen kan dog meget nemt overophede din kam\u00e6leon hvis den er i et terrarie og ikke har et sted at flygte hen i l\u00e6 fra solen.<br \/>\nTerrariet skal derfor v\u00e6re placeret et taktisk smart sted, hvor der er skygge hele dagen.<br \/>\nDesuden skal terrariet v\u00e6re fyldt med levende planter, s\u00e5 kam\u00e6leonen har mulighed for at s\u00f8ge ly et sted, hvor der ikke blot er skygge, men hvor luftfugtigheden ogs\u00e5 er h\u00f8jere.<\/p>\n<\/div><\/section>\n<\/div><\/div><\/div><!-- close content main div --><\/div><\/div><div id='av_section_1'  class='avia-section av-7tzqj-c6ca7e51b0732dd97b9ad5352a031ba6 main_color avia-section-default avia-no-border-styling  avia-builder-el-33  el_after_av_textblock  avia-builder-el-last  avia-bg-style-scroll  container_wrap fullsize'  ><div class='container av-section-cont-open' ><div class='template-page content  av-content-full alpha units'><div class='post-entry post-entry-type-page post-entry-651'><div class='entry-content-wrapper clearfix'>\n","protected":false},"excerpt":{"rendered":"","protected":false},"author":2,"featured_media":7198,"parent":645,"menu_order":0,"comment_status":"closed","ping_status":"closed","template":"","meta":{"footnotes":""},"class_list":["post-651","page","type-page","status-publish","has-post-thumbnail","hentry"],"_links":{"self":[{"href":"http:\/\/kamaeleoner.dk\/index.php?rest_route=\/wp\/v2\/pages\/651","targetHints":{"allow":["GET"]}}],"collection":[{"href":"http:\/\/kamaeleoner.dk\/index.php?rest_route=\/wp\/v2\/pages"}],"about":[{"href":"http:\/\/kamaeleoner.dk\/index.php?rest_route=\/wp\/v2\/types\/page"}],"author":[{"embeddable":true,"href":"http:\/\/kamaeleoner.dk\/index.php?rest_route=\/wp\/v2\/users\/2"}],"replies":[{"embeddable":true,"href":"http:\/\/kamaeleoner.dk\/index.php?rest_route=%2Fwp%2Fv2%2Fcomments&post=651"}],"version-history":[{"count":25,"href":"http:\/\/kamaeleoner.dk\/index.php?rest_route=\/wp\/v2\/pages\/651\/revisions"}],"predecessor-version":[{"id":7478,"href":"http:\/\/kamaeleoner.dk\/index.php?rest_route=\/wp\/v2\/pages\/651\/revisions\/7478"}],"up":[{"embeddable":true,"href":"http:\/\/kamaeleoner.dk\/index.php?rest_route=\/wp\/v2\/pages\/645"}],"wp:featuredmedia":[{"embeddable":true,"href":"http:\/\/kamaeleoner.dk\/index.php?rest_route=\/wp\/v2\/media\/7198"}],"wp:attachment":[{"href":"http:\/\/kamaeleoner.dk\/index.php?rest_route=%2Fwp%2Fv2%2Fmedia&parent=651"}],"curies":[{"name":"wp","href":"https:\/\/api.w.org\/{rel}","templated":true}]}}