{"id":241,"date":"2018-08-07T11:37:09","date_gmt":"2018-08-07T11:37:09","guid":{"rendered":"http:\/\/smallbiz\/?page_id=11"},"modified":"2022-01-08T08:43:15","modified_gmt":"2022-01-08T07:43:15","slug":"home","status":"publish","type":"page","link":"http:\/\/kamaeleoner.dk\/","title":{"rendered":"Forside"},"content":{"rendered":"<div id='full_slider_1'  class='avia-fullwidth-slider main_color avia-shadow   avia-builder-el-0  el_before_av_one_fifth  avia-builder-el-first   container_wrap fullsize'  ><div   data-size='featured_large'  data-lightbox_size='large'  data-animation='slide'  data-conditional_play=''  data-ids='740'  data-video_counter='0'  data-autoplay='true'  data-bg_slider='false'  data-slide_height=''  data-handle='av_slideshow_full'  data-interval='5'  data-class=' image_no_stretch'  data-el_id=''  data-css_id=''  data-scroll_down=''  data-control_layout='av-control-default'  data-custom_markup=''  data-perma_caption=''  data-autoplay_stopper=''  data-image_attachment=''  data-min_height='0px'  data-lazy_loading='disabled'  data-src=''  data-position='top left'  data-repeat='no-repeat'  data-attach='scroll'  data-stretch='image_no_stretch'  data-img_scrset=''  data-default-height='42'  class='avia-slideshow avia-slideshow-1  av-control-default av-default-height-applied avia-slideshow-featured_large av_slideshow_full  image_no_stretch avia-slide-slider '  itemprop=\"image\" itemscope=\"itemscope\" itemtype=\"https:\/\/schema.org\/ImageObject\" ><ul class='avia-slideshow-inner ' style='padding-bottom: 52.5%;' ><li  class=' av-single-slide slide-1 ' ><div data-rel='slideshow-1' class='avia-slide-wrap '   ><div class = \"caption_fullwidth av-slideshow-caption caption_left caption_left_framed caption_framed\"><div class = \"container caption_container\"><div class = \"slideshow_caption\"><div class = \"slideshow_inner_caption\"><div class = \"slideshow_align_caption\"><h2  style='font-size:40px; ' class='avia-caption-title  '  itemprop=\"name\" >Velkommen til kamaeleoner.dk<\/h2><div class='avia-caption-content  av_inherit_color'  itemprop=\"description\"   style='font-size:30px; '><p>Mere end 20 \u00e5rs erfaring.<\/p>\n<\/div><\/div><\/div><\/div><\/div><\/div><img decoding=\"async\" class=\"wp-image-740 avia-img-lazy-loading-not-740\"  src=\"http:\/\/kamaeleoner.dk\/wp-content\/uploads\/2021\/04\/ch_arabicus42-1200x630.jpg\" width=\"1200\" height=\"630\" title='ch_arabicus42' alt=''  itemprop=\"thumbnailUrl\"   \/><\/div><\/li><\/ul><\/div><\/div><div id='after_full_slider_1'  class='main_color av_default_container_wrap container_wrap fullsize'  ><div class='container av-section-cont-open' ><div class='template-page content  av-content-full alpha units'><div class='post-entry post-entry-type-page post-entry-241'><div class='entry-content-wrapper clearfix'>\n\n<style type=\"text\/css\" data-created_by=\"avia_inline_auto\" id=\"style-css-av-pht2x-574b5729622ab14528432b95295d1030\">\n.flex_column.av-pht2x-574b5729622ab14528432b95295d1030{\nborder-radius:0px 0px 0px 0px;\n-webkit-border-radius:0px 0px 0px 0px;\n-moz-border-radius:0px 0px 0px 0px;\n}\n<\/style>\n<div class='flex_column av-pht2x-574b5729622ab14528432b95295d1030 av_one_fifth  avia-builder-el-1  el_after_av_slideshow_full  el_before_av_three_fifth  avia-builder-el-first  first flex_column_div av-zero-column-padding '   ><\/div>\n\n<style type=\"text\/css\" data-created_by=\"avia_inline_auto\" id=\"style-css-av-lap9l-9ab902edaaf5cb59fe7d719f24fbf99e\">\n.flex_column.av-lap9l-9ab902edaaf5cb59fe7d719f24fbf99e{\nborder-radius:0px 0px 0px 0px;\n-webkit-border-radius:0px 0px 0px 0px;\n-moz-border-radius:0px 0px 0px 0px;\n}\n<\/style>\n<div class='flex_column av-lap9l-9ab902edaaf5cb59fe7d719f24fbf99e av_three_fifth  avia-builder-el-2  el_after_av_one_fifth  el_before_av_one_fifth  flex_column_div av-zero-column-padding '   ><section  class='av_textblock_section av-knjwpoay-e4a05cadf9e7c4e6a874eca713a8cd0b '  itemscope=\"itemscope\" itemtype=\"https:\/\/schema.org\/CreativeWork\" ><div class='avia_textblock '  itemprop=\"text\" ><p>Form\u00e5let med denne hjemmeside er, at formidle information og erfaringer omkring kam\u00e6leoner.<br \/>\nLige fra beskrivelser af habitater, systematik, adf\u00e6rd og arter, til noget om fangenskab, terrarier, planter, insekter osv.<\/p>\n<p>Vi pr\u00f8ver l\u00f8bende at holde informationerne \u201cup to date\u201d, s\u00e5 de nyeste forskningsresultater og innovationer kommer med. Hjemmesiden vokser hele tiden, og vil nok aldrig blive \u201dkomplet\u201d, men vi h\u00e5ber, at vi kan v\u00e6re med til at v\u00e6kke interessen for bevarelsen af disse interessante skabninger.<\/p>\n<p>Er du uenig i noget af sidernes indhold, bedes du kontakte os.<br \/>\nGod forn\u00f8jelse!<\/p>\n<p><strong>Niels Pedersen<\/strong><\/p>\n<\/div><\/section><\/div>\n\n<style type=\"text\/css\" data-created_by=\"avia_inline_auto\" id=\"style-css-av-hd41l-1de91e8d790ddb20dbd924e0ed185c64\">\n.flex_column.av-hd41l-1de91e8d790ddb20dbd924e0ed185c64{\nborder-radius:0px 0px 0px 0px;\n-webkit-border-radius:0px 0px 0px 0px;\n-moz-border-radius:0px 0px 0px 0px;\n}\n<\/style>\n<div class='flex_column av-hd41l-1de91e8d790ddb20dbd924e0ed185c64 av_one_fifth  avia-builder-el-4  el_after_av_three_fifth  el_before_av_section  avia-builder-el-last  flex_column_div av-zero-column-padding '   ><\/div>\n<\/div><\/div><\/div><!-- close content main div --><\/div><\/div>\n<style type=\"text\/css\" data-created_by=\"avia_inline_auto\" id=\"style-css-av-knh1aki9-d2cae49bc36527042289cc35e8afd07e\">\n.avia-section.av-knh1aki9-d2cae49bc36527042289cc35e8afd07e{\nbackground-color:#6ea4d1;\nbackground:linear-gradient( 45deg, #6ea4d1, #d1af36 );\n}\n<\/style>\n<div id='av_section_1'  class='avia-section av-knh1aki9-d2cae49bc36527042289cc35e8afd07e main_color avia-section-default avia-no-border-styling  avia-builder-el-5  el_after_av_one_fifth  avia-builder-el-last  avia-bg-style-scroll  av-minimum-height av-minimum-height-50  container_wrap fullsize'   data-av_minimum_height_pc='50'><div class='container av-section-cont-open' ><div class='template-page content  av-content-full alpha units'><div class='post-entry post-entry-type-page post-entry-241'><div class='entry-content-wrapper clearfix'>\n\n<style type=\"text\/css\" data-created_by=\"avia_inline_auto\" id=\"style-css-av-jkjvrpjm-9fcb549e2bfb7aa3ce478d41d328f208\">\n#top .hr.hr-invisible.av-jkjvrpjm-9fcb549e2bfb7aa3ce478d41d328f208{\nheight:50px;\n}\n<\/style>\n<div  class='hr av-jkjvrpjm-9fcb549e2bfb7aa3ce478d41d328f208 hr-invisible  avia-builder-el-6  el_before_av_heading  avia-builder-el-first  '><span class='hr-inner '><span class=\"hr-inner-style\"><\/span><\/span><\/div>\n\n<style type=\"text\/css\" data-created_by=\"avia_inline_auto\" id=\"style-css-av-89ps1-03cf63c85bb270b368c4ac96072f0312\">\n#top .av-special-heading.av-89ps1-03cf63c85bb270b368c4ac96072f0312{\nmargin:0 0 0.7em 0;\npadding-bottom:20px;\ncolor:#ffffff;\nfont-size:53px;\n}\n.av-special-heading.av-89ps1-03cf63c85bb270b368c4ac96072f0312 .special-heading-inner-border{\nborder-color:#ffffff;\n}\n<\/style>\n<div  class='av-special-heading av-89ps1-03cf63c85bb270b368c4ac96072f0312 av-special-heading-h2 custom-color-heading blockquote modern-quote modern-centered  avia-builder-el-7  el_after_av_hr  el_before_av_textblock  av-inherit-size av-linked-heading '><h2 class='av-special-heading-tag '  itemprop=\"headline\"  >Seneste nyt:<\/h2><div class='special-heading-border'><div class='special-heading-inner-border'><\/div><\/div><\/div>\n<section  class='av_textblock_section av-kwubqh56-ee48854bb7ddf77be6d3448dce7d58ff '  itemscope=\"itemscope\" itemtype=\"https:\/\/schema.org\/CreativeWork\" ><div class='avia_textblock '  itemprop=\"text\" ><blockquote>\n<p>8\/1 2022.\u00a0 &#8220;kam\u00e6leoner og terrarier&#8221;, er nu online.<\/p>\n<\/blockquote>\n<\/div><\/section>\n\n\n<style type=\"text\/css\" data-created_by=\"avia_inline_auto\" id=\"style-css-av-jkjvrpjm-9fcb549e2bfb7aa3ce478d41d328f208\">\n#top .hr.hr-invisible.av-jkjvrpjm-9fcb549e2bfb7aa3ce478d41d328f208{\nheight:50px;\n}\n<\/style>\n<div  class='hr av-jkjvrpjm-9fcb549e2bfb7aa3ce478d41d328f208 hr-invisible  avia-builder-el-10  el_after_av_portfolio  avia-builder-el-no-sibling  '><span class='hr-inner '><span class=\"hr-inner-style\"><\/span><\/span><\/div>\n\n","protected":false},"excerpt":{"rendered":"","protected":false},"author":2,"featured_media":0,"parent":0,"menu_order":0,"comment_status":"closed","ping_status":"closed","template":"","meta":{"footnotes":""},"class_list":["post-241","page","type-page","status-publish","hentry"],"_links":{"self":[{"href":"http:\/\/kamaeleoner.dk\/index.php?rest_route=\/wp\/v2\/pages\/241","targetHints":{"allow":["GET"]}}],"collection":[{"href":"http:\/\/kamaeleoner.dk\/index.php?rest_route=\/wp\/v2\/pages"}],"about":[{"href":"http:\/\/kamaeleoner.dk\/index.php?rest_route=\/wp\/v2\/types\/page"}],"author":[{"embeddable":true,"href":"http:\/\/kamaeleoner.dk\/index.php?rest_route=\/wp\/v2\/users\/2"}],"replies":[{"embeddable":true,"href":"http:\/\/kamaeleoner.dk\/index.php?rest_route=%2Fwp%2Fv2%2Fcomments&post=241"}],"version-history":[{"count":34,"href":"http:\/\/kamaeleoner.dk\/index.php?rest_route=\/wp\/v2\/pages\/241\/revisions"}],"predecessor-version":[{"id":7245,"href":"http:\/\/kamaeleoner.dk\/index.php?rest_route=\/wp\/v2\/pages\/241\/revisions\/7245"}],"wp:attachment":[{"href":"http:\/\/kamaeleoner.dk\/index.php?rest_route=%2Fwp%2Fv2%2Fmedia&parent=241"}],"curies":[{"name":"wp","href":"https:\/\/api.w.org\/{rel}","templated":true}]}}